{"id":572,"date":"2026-02-12T17:34:32","date_gmt":"2026-02-12T17:34:32","guid":{"rendered":"http:\/\/enisbatur.info\/?page_id=572"},"modified":"2026-03-10T09:23:48","modified_gmt":"2026-03-10T09:23:48","slug":"bio","status":"publish","type":"page","link":"https:\/\/enisbatur.info\/?page_id=572","title":{"rendered":"BIO"},"content":{"rendered":"\n<h5 class=\"wp-block-heading has-text-align-right\" style=\"font-size:16px\">EB \u015fu s\u0131ralar &#8220;Yaz\u0131-Hane&#8221;, &#8220;\u00c7ekmeceler Kitab\u0131 IV: Beyaz Etmek&#8221; ve &#8220;Min\u00f6r Est-Etika&#8221;y\u0131 yay\u0131ma haz\u0131rl\u0131yor ve &#8220;arka&#8221;s\u0131n\u0131 toplamay\u0131 s\u00fcrd\u00fcr\u00fcyor.<\/h5>\n\n\n<div class=\"wp-block-image is-style-default\">\n<figure class=\"aligncenter size-large\"><img loading=\"lazy\" decoding=\"async\" width=\"1024\" height=\"745\" src=\"http:\/\/enisbatur.info\/wp-content\/uploads\/2026\/03\/EBFT-1024x745.jpg\" alt=\"\" class=\"wp-image-675\" srcset=\"https:\/\/enisbatur.info\/wp-content\/uploads\/2026\/03\/EBFT-1024x745.jpg 1024w, https:\/\/enisbatur.info\/wp-content\/uploads\/2026\/03\/EBFT-300x218.jpg 300w, https:\/\/enisbatur.info\/wp-content\/uploads\/2026\/03\/EBFT-768x559.jpg 768w, https:\/\/enisbatur.info\/wp-content\/uploads\/2026\/03\/EBFT-1536x1117.jpg 1536w, https:\/\/enisbatur.info\/wp-content\/uploads\/2026\/03\/EBFT-2048x1489.jpg 2048w, https:\/\/enisbatur.info\/wp-content\/uploads\/2026\/03\/EBFT-1920x1396.jpg 1920w, https:\/\/enisbatur.info\/wp-content\/uploads\/2026\/03\/EBFT-720x524.jpg 720w, https:\/\/enisbatur.info\/wp-content\/uploads\/2026\/03\/EBFT-580x422.jpg 580w, https:\/\/enisbatur.info\/wp-content\/uploads\/2026\/03\/EBFT-320x233.jpg 320w\" sizes=\"auto, (max-width: 1024px) 100vw, 1024px\" \/><\/figure>\n<\/div>\n\n\n<p><\/p>\n","protected":false},"excerpt":{"rendered":"<p>EB \u015fu s\u0131ralar &#8220;Yaz\u0131-Hane&#8221;, &#8220;\u00c7ekmeceler Kitab\u0131 IV: Beyaz Etmek&#8221; ve &#8220;Min\u00f6r Est-Etika&#8221;y\u0131 yay\u0131ma haz\u0131rl\u0131yor ve &#8220;arka&#8221;s\u0131n\u0131 toplamay\u0131 s\u00fcrd\u00fcr\u00fcyor.<\/p>\n","protected":false},"author":1,"featured_media":0,"parent":0,"menu_order":0,"comment_status":"closed","ping_status":"closed","template":"","meta":{"footnotes":""},"class_list":["post-572","page","type-page","status-publish","hentry"],"_links":{"self":[{"href":"https:\/\/enisbatur.info\/index.php?rest_route=\/wp\/v2\/pages\/572","targetHints":{"allow":["GET"]}}],"collection":[{"href":"https:\/\/enisbatur.info\/index.php?rest_route=\/wp\/v2\/pages"}],"about":[{"href":"https:\/\/enisbatur.info\/index.php?rest_route=\/wp\/v2\/types\/page"}],"author":[{"embeddable":true,"href":"https:\/\/enisbatur.info\/index.php?rest_route=\/wp\/v2\/users\/1"}],"replies":[{"embeddable":true,"href":"https:\/\/enisbatur.info\/index.php?rest_route=%2Fwp%2Fv2%2Fcomments&post=572"}],"version-history":[{"count":7,"href":"https:\/\/enisbatur.info\/index.php?rest_route=\/wp\/v2\/pages\/572\/revisions"}],"predecessor-version":[{"id":677,"href":"https:\/\/enisbatur.info\/index.php?rest_route=\/wp\/v2\/pages\/572\/revisions\/677"}],"wp:attachment":[{"href":"https:\/\/enisbatur.info\/index.php?rest_route=%2Fwp%2Fv2%2Fmedia&parent=572"}],"curies":[{"name":"wp","href":"https:\/\/api.w.org\/{rel}","templated":true}]}}